ite number?
False
Let p = 43 - 20. Is p prime?
True
Let q = 0 - 228. Let y = q + 1135. Is y composite?
False
Let p(d) = d**3 + 2*d**2 - 2*d + 1. Suppose -3*t + 5*o = 9, -3*t - o - o + 12 = 0. Is p(t) a composite number?
False
Suppose 2*j - 6 = 0, -9 = 4*n + 2*j + 5. Let z(m) = -9*m**3 - 8*m**2 - 7*m - 1. Is z(n) composite?
True
Let z = 112 + 9. Is z prime?
False
Suppose 168 + 1288 = 4*o. Is 1/(1 - 360/o) a composite number?
True
Is (16/(-1))/4 - -518 prime?
False
Let i(a) = -a**3 - 5*a**2 - 3*a + 4. Let d be i(-4). Suppose d*t - 67 = -t. Suppose t + 9 = 2*x. Is x prime?
False
Suppose -4*q = -4, -4*p - 4*q + 10 + 2 = 0. Suppose -p*h + 3*z = 4*z - 12, 4*z + 22 = 2*h. Is h a prime number?
True
Suppose 0 = -4*l - 95 - 177. Let s = l - -135. Is s composite?
False
Suppose 3*y - 413 - 655 = 0. Is y/6*3/2 composite?
False
Let k = 19 + -28. Is 124 + 0 - 27/k prime?
True
Suppose 0 = k, 4*k + 29 = 5*f + 4. Suppose 0 = -5*i - 5*v + 1135, -f*v - 438 = -2*i - 3*v. Is i composite?
False
Suppose 0 = -0*n + 5*n + 30. Let v = n + 11. Suppose 5*r - 115 = -v*p, -4*p + 4*r = -3*p - 13. Is p prime?
False
Is 267/4 + 8/32 prime?
True
Let b = -23 + 16. Let u = 9 + b. Suppose 37 + 87 = u*n. Is n composite?
True
Suppose 0 = 5*z - 3*z - 1502. Is z a prime number?
True
Let j(u) = -16 + 8 + 11 - 62*u. Is j(-2) prime?
True
Let n(r) = r**2 - 3*r + 15. Is n(-11) a composite number?
True
Suppose 5*h - i = 24, 0*i = h - 4*i - 20. Let u = h + -1. Suppose -u*v - 3*s + 2*s + 34 = 0, v - 10 = s. Is v a composite number?
False
Suppose -1 - 4 = -a, 5*a - 35 = -5*u. Let k(x) = 46*x**2 + x + 1. Is k(u) prime?
False
Let w = 36 + -26. Let p be (-2722)/(-10) + (-2)/w. Suppose 0 = x - p - 57. Is x a composite number?
True
Suppose 5*s - 5585 = -5*o, 2*s + 3*o = 953 + 1283. Is s prime?
False
Let b(n) = -7*n**3 + n**2 - n + 2. Is b(-5) prime?
True
Let p be 1/(-1) + 181 + -1. Suppose p = 2*y - 3*w, 0 = 5*y - 0*w - 2*w - 453. Is y a prime number?
False
Let a be 6 - -2*3/(-3). Suppose -5*l + 21 = -3*i, -a*i - 2 = -14. Is (-2)/l*132/(-2) a prime number?
False
Let f(t) = -12*t + 13 + 17*t**2 + 108*t**3 - 107*t**3 + t**2. Is f(-10) composite?
True
Let c(j) = -3792*j**3 + j + 2. Is c(-1) composite?
False
Suppose d = -d. Let j = d + -6. Is (-26)/j*(15 + 0) prime?
False
Let c(h) = -447*h. Let n be c(2). Is ((-3)/(-9))/((-2)/n) prime?
True
Let z = 14 - 10. Suppose -z*g - g - 175 = 0. Let q = g + 72. Is q composite?
False
Suppose 5*o = 2*o - 4*n, 0 = 2*o + 3*n. Suppose o = -2*z - 4, -2*j + z - 1 = 3. Let r = 24 + j. Is r a prime number?
False
Let s = 155 - -36. Is s a prime number?
True
Let t be 1*2*(-4)/1. Suppose -4*i - 46 = 126. Let w = t - i. Is w a prime number?
False
Let b be 14/8 + 2/8. Let q be (5 - 3) + (-2662)/b. Is 2/5 - q/15 a composite number?
False
Suppose 0 = -5*f + 35 - 15. Suppose f*g - 5*i = 295, 0 = -0*g - g + 4*i + 82. Suppose -5*a - 4*q + 54 = -31, 5*a - g = -q. Is a a composite number?
False
Suppose 5*r - 21 = 4*r. Let q = r - 13. Is 47/2 + (-4)/q a prime number?
True
Let v(l) = 253*l**2 - 2*l - 2. Is v(-1) prime?
False
Suppose -d = -3*w - 13, 4*d + 3*w - 29 = -d. Suppose -10*n + d*n = -381. Is n a composite number?
False
Suppose -2*s + n + 321 = 0, 7*s - 4*n = 3*s + 632. Is s a prime number?
True
Suppose 4 = -s + 2. Let r be 2092/20 + s/(-5). Suppose -4*m + m = -r. Is m composite?
True
Let r = 1338 - 669. Suppose -3*p + 5*p - t - 333 = 0, 4*p = 3*t + r. Suppose -4*x + p = x. Is x composite?
True
Let p(z) = 5*z**3 - z**2 - z - 1. Let v(w) = 9*w**3 - w**2 - w - 2. Let f(u) = -5*p(u) + 3*v(u). Is f(3) prime?
False
Suppose 4*k - 181 = 371. Suppose -y = y - k. Is y prime?
False
Let p = 28 + 5. Let x = 47 - p. Is x prime?
False
Suppose -5*l + 68 = 4*b, 0 = -2*l + 6*l + 3*b - 55. Let g = 47 - l. Is g a composite number?
False
Let v = 20 + -18. Suppose 0 = n + 5, 1144 = 2*w - v*n + 4*n. Is w a composite number?
False
Let a = -147 + 236. Is a composite?
False
Let p be (3 + (-15)/6)*2. Let q(x) = -4*x**3 - x**2 + x + 1. Let o be q(-1). Suppose -4*j + p = -15, o*j - 501 = -3*y. Is y composite?
False
Suppose -9 = -3*d - 0. Suppose 0 = d*c - 15 - 51. Is c prime?
False
Is 761 + 0*-1*(-3)/(-6) a prime number?
True
Let h(w) = -2*w + 2. Let b be h(4). Let q(t) = 3*t**2 + 3*t + 7. Is q(b) composite?
False
Let g = 3 - -6. Let b(f) = 5*f - 7. Is b(g) prime?
False
Suppose 18 = -8*i + 10*i. Is i a prime number?
False
Let q(p) = p**3 + 8*p**2 + 3*p - 5. Is q(-7) composite?
False
Suppose -3*r + r + 4*d = 6, -5*d = -5*r. Suppose 0 = -2*z + 2*f - r*f + 3, 0 = 4*z + 4*f + 4. Suppose z*u = 210 + 38. Is u prime?
False
Suppose -690 = -v - 2*o + 19, 0 = -v + 2*o + 705. Is v a prime number?
False
Suppose 0 = -0*q - q, i - 299 = -q. Is i a composite number?
True
Let j be (-6)/5*10/(-4). Suppose 76 = j*z - 71. Suppose 5*p + z = 6*p. Is p composite?
True
Let v be (3/2)/((-3)/(-6)). Suppose -541 = -v*j - 5*u, u + 1197 = 5*j + 258. Suppose 4*s - j = 4*b + 233, -3*b + 12 = 0. Is s a composite number?
False
Suppose -5*w + 14399 = -3*v - 5978, -w + v = -4077. Is w a composite number?
False
Is (-3153)/(-5) - (72/30)/(-6) prime?
True
Let u be (1 - 147)*(-3)/6. Let i = u + -39. Suppose -47 - 5 = -3*n + 5*k, -3*k = -2*n + i. Is n prime?
False
Let n(o) be the second derivative of o**5/60 - o**4/12 + o**3/6 + 2*o**2 - 4*o. Let r(s) be the first derivative of n(s). Is r(6) a composite number?
True
Let w(t) = 24*t + 3. Let i(r) = 49*r + 6. Let q(f) = -6*i(f) + 13*w(f). Suppose -u = u + 3*a - 9, -2*a + 11 = 3*u. Is q(u) prime?
False
Let m = 167 - -18. Is m composite?
True
Suppose -4*o - 863 = -5*q, 2*q = 4*o - 62 + 928. Let u = -99 - o. Is u a composite number?
True
Let g be 2*(10/4 + -2). Let h(v) = 59*v**3 + v**2 - 1. Is h(g) a prime number?
True
Let o(q) = -3*q**3 - 4*q**2 + 5*q + 33. Let f(m) = -m**3 - m**2 + m. Let t(x) = -4*f(x) + o(x). Is t(0) prime?
False
Suppose -3992 = -5*q + n, 0 = q - 4*n - 0*n - 787. Is q a composite number?
True
Is 328 + 4 + 0 + 3 prime?
False
Let p(w) = -2*w**2 - 6*w - 1. Let c be p(-5). Let r be (-94)/(-14) - 6/c. Suppose r*v - 3*v - 5*t - 47 = 0, 0 = v - 2*t - 11. Is v prime?
True
Is 183/(-6)*(-6 - 0) a prime number?
False
Suppose -2*r + 51 = r. Let t = 35 - r. Suppose 5*o + t = 88. Is o composite?
True
Let r = -12 - -37. Suppose 28 = o - r. Is o composite?
False
Is (1018 + 0/4)/2 a prime number?
True
Suppose 0 = -6*u + 3358 + 2444. Is u prime?
True
Let r(l) = l**2 - 5*l + 5. Let n be r(5). Let o = n + -5. Is 1 + (78 - 2 - o) composite?
True
Suppose -f - 20 - 28 = t, -f = -5*t - 246. Let l = 226 + t. Suppose 3*d + 4*a - l = 0, -4*d + 4*a + 295 = d. Is d a composite number?
False
Suppose v - 2416 = -5*d - 80, -2*v + 469 = d. Is d a prime number?
True
Let u = -446 - -837. Let m = u - 272. Is m prime?
False
Suppose -5*q + 3*c = -2620, 2*q - q + 5*c = 496. Is q composite?
False
Suppose -1021 = -3*c - 5*n + 847, 2*c + 4*n = 1242. Is c a prime number?
True
Let v(k) = -k**3 - 2*k**2 + 5*k + 4. Let c be v(-3). Let i be 2 - (2 + c)*-1. Suppose 51 = n - i*g, 2*g = -4*n - 3*g + 217. Is n prime?
True
Let o(v) = v**2 + 2. Let p be o(2). Let u = p + -54. Let f = -13 - u. Is f a prime number?
False
Let p(s) be the third derivative of s**5/30 + 5*s**3/6 - 3*s**2. Let u be 36/10 - (-2)/5. Is p(u) composite?
False
Let g(t) = t**2 - 5*t + 3. Let d be g(3). Let f = 5 + d. Is (3 + -41)*f/(-4) a composite number?
False
Suppose 0 = z + 2*q - 13, -5*q + 11 = z - 17. Suppose 2*f - f + 431 = z*a, 4*f = 16. Is a a composite number?
True
Suppose -2*m + 16 + 53 = k, 0 = 2*m + 3*k - 79. Is ((-8)/m)/((-2)/536) a composite number?
False
Let j(y) = 87*y**3 - 2*y**2 + 2*y - 1. Is j(2) a composite number?
False
Let y be (0 + -6)*(-4)/6. Suppose 5 = y*r - 375. Is r composite?
True
Suppose 0 = 6*u - 6827 - 1339. Is u prime?
True
Let p(s) = s - 5. Let l(g) = -g**3 - 7*g**2 + 8. Let m be l(-7). Let n be p(m). Suppose 4*w = -2*d + 434, -1040 = -8*d + n*d + 5*w. Is d a composite number?
False
Let f(k) = -3*k**2 - 6*k + 2. Let c(j) = -j**2 - 1. Let v(h) = -2*c(h) - f(h). Let l be (10/4)/(5/(-50)*-5). Is v(l) prime?
False
Let w = 3 - 7. Let s be (-4)/(2 + (w - 0)). Is (-36)/(-3)*3 - s a composite number?
True
Let r(v) = v**3 + 3*v**2 - 4*v - 6. Let x be r(-4). Let j(u) = -u**3 - 5*u**2 + 4*u + 8. Let k be j(x). Suppose 3*z - 161 = -